5360?
True
Is 632 a factor of 1044221?
False
Is 798255692 a multiple of 662?
False
Is 13 a factor of 2477773?
False
Is 6971 a factor of 152086307?
True
Is 6224754 a multiple of 237?
False
Is 633 a factor of 56139780?
False
Is 1589 a factor of 3817364341?
True
Is 74 a factor of 2461536?
True
Does 25 divide 778495308?
False
Is 227601268 a multiple of 458?
True
Is 141741425 a multiple of 19?
True
Is 178122903 a multiple of 981?
False
Is 351 a factor of 146361735?
True
Does 35 divide 190657565?
True
Does 23 divide 45746096?
False
Is 2 a factor of 5452738?
True
Is 1257 a factor of 238943130?
True
Does 290 divide 47303930?
True
Does 25 divide 1862117075?
True
Does 2091 divide 160009593?
True
Is 39830851 a multiple of 3?
False
Is 137110716 a multiple of 103?
True
Does 2699 divide 21565010?
True
Is 712195 a multiple of 44?
False
Is 158 a factor of 5088529?
False
Is 4109 a factor of 536985358?
False
Is 1971 a factor of 11352960?
True
Is 10058042 a multiple of 479?
True
Is 217924633 a multiple of 4280?
False
Is 564 a factor of 191206269?
False
Is 168 a factor of 20265129?
False
Is 604 a factor of 260719008?
False
Does 1248 divide 20258880?
False
Is 1059 a factor of 546371988?
True
Is 879952 a multiple of 344?
True
Does 148 divide 231147018?
False
Is 59 a factor of 21563910?
True
Does 84 divide 19677787?
False
Is 8358104 a multiple of 30?
False
Is 12150318 a multiple of 17?
False
Does 38 divide 600075437?
False
Is 3204229842 a multiple of 67?
True
Is 245259490 a multiple of 35?
True
Does 30 divide 713334450?
True
Is 129 a factor of 2246261520?
True
Is 1145084774 a multiple of 75?
False
Does 388 divide 86517394?
False
Is 18 a factor of 1357033495?
False
Is 1955 a factor of 5575711446?
False
Is 79359600 a multiple of 82?
True
Is 21622211 a multiple of 1144?
False
Does 1012 divide 38871472?
False
Is 8382 a factor of 117916102?
False
Does 33 divide 229941702?
False
Does 15 divide 264435?
True
Does 545 divide 11226365?
False
Does 3896 divide 109660712?
True
Is 298 a factor of 17960460?
True
Is 11 a factor of 1002428062?
False
Does 68 divide 10171916?
True
Is 1430 a factor of 15852980?
True
Is 17 a factor of 1979749518?
True
Does 17 divide 23829687?
False
Does 265 divide 112386914?
False
Is 2979628 a multiple of 1109?
False
Does 582 divide 41507787?
False
Is 340 a factor of 22251980?
True
Is 9 a factor of 341446869?
True
Is 21 a factor of 64853250?
True
Does 3842 divide 679419280?
True
Is 220 a factor of 322669380?
True
Is 7 a factor of 1164072?
True
Is 2456251272 a multiple of 18?
True
Is 13 a factor of 69136305?
False
Is 344633491 a multiple of 41?
False
Is 30 a factor of 28175130?
True
Is 28 a factor of 375674516?
True
Does 323 divide 2718816001?
True
Is 1743 a factor of 56887527?
False
Is 221 a factor of 59015398?
True
Is 1607 a factor of 108924544?
False
Does 2 divide 7330490?
True
Is 122678160 a multiple of 3720?
True
Is 2900414752 a multiple of 2066?
False
Is 11 a factor of 72272992?
True
Is 796505232 a multiple of 456?
True
Is 62 a factor of 149082927?
False
Does 1195 divide 44063235?
True
Does 214 divide 703437691?
False
Is 686 a factor of 1681424721?
False
Does 1417 divide 37053133?
True
Is 1552872763 a multiple of 1741?
True
Is 5569 a factor of 459654560?
False
Is 1499910 a multiple of 102?
True
Is 866492719 a multiple of 108?
False
Is 229715526 a multiple of 303?
False
Is 128916131 a multiple of 6?
False
Does 15 divide 58254878?
False
Does 34 divide 143967079?
False
Is 984508537 a multiple of 9?
False
Does 3302 divide 123183326?
False
Is 11 a factor of 15375013?
False
Is 1277584 a multiple of 616?
True
Is 823103788 a multiple of 7122?
False
Does 649 divide 10569207?
False
Does 252 divide 5446603?
False
Does 296 divide 98481568?
True
Is 3657670744 a multiple of 8?
True
Does 296 divide 9352120?
True
Does 146 divide 12141421?
False
Is 23 a factor of 67523266?
False
Is 70 a factor of 411464900?
True
Is 282 a factor of 30078447?
False
Does 1123 divide 7938816039?
True
Is 24 a factor of 31201728?
True
Is 255 a factor of 5436296506?
False
Does 79 divide 59184430?
True
Is 180637237 a multiple of 209?
True
Does 4 divide 287748?
True
Is 341052789 a multiple of 609?
True
Is 409419827 a multiple of 19?
False
Does 459 divide 11342655?
False
Does 483 divide 102460722?
True
Is 66 a factor of 58120656?
True
Is 2064 a factor of 63216192?
True
Is 49608991 a multiple of 17?
False
Is 2 a factor of 11197726?
True
Does 999 divide 52136297?
False
Does 88 divide 5080592?
True
Is 30 a factor of 50152644?
False
Does 1384 divide 759071408?
True
Is 31 a factor of 14563521?
True
Does 57 divide 58557625?
False
Does 6639 divide 474929907?
False
Is 25922152 a multiple of 16?
False
Is 1933 a factor of 2493152472?
True
Does 4270 divide 192558446?
False
Is 91 a factor of 82385394?
True
Is 48 a factor of 89633013?
False
Is 131 a factor of 217932517?
True
Does 106 divide 505620?
True
Is 477 a factor of 7198074054?
True
Does 55 divide 6706076?
False
Is 27212292 a multiple of 60?
False
Is 5 a factor of 36373848?
False
Is 169604955 a multiple of 1010?
False
Does 60 divide 1353125640?
True
Does 170 divide 1352909165?
False
Is 3542760984 a multiple of 356?
False
Is 735517094 a multiple of 34?
False
Is 92300192 a multiple of 8?
True
Is 142762627 a multiple of 1451?
False
Is 10 a factor of 39097401?
False
Is 34 a factor of 25456049?
False
Is 288112958 a multiple of 18?
False
Does 32 divide 52793216?
True
Does 31 divide 215803772?
True
Is 359 a factor of 32151322?
True
Is 1051526398 a multiple of 249?
False
Does 233 divide 2806841257?
True
Does 37 divide 183400442?
False
Does 5850 divide 481021114?
False
Does 333 divide 50931385?
False
Does 18 divide 5362693?
False
Does 622 divide 16581898?
True
Does 334 divide 125440046?
True
Is 32 a factor of 49167616?
True
Is 16 a factor of 408813536?
True
Is 313 a factor of 1099137699?
False
Is 212303750 a multiple of 50?
True
Does 12 divide 16127919?
False
Is 13 a factor of 340849964?
True
Is 19 a factor of 292361775?
False
Does 115 divide 26786631?
False
Does 6348 divide 59652156?
True
Is 464710070 a multiple of 375?
False
Is 3802784160 a multiple of 14?
True
Is 2 a factor of 229429849?
False
Is 150 a factor of 330478644?
False
Does 45 divide 16200720?
True
Is 35 a factor of 32443635?
True
Is 95 a factor of 185382240?
True
Does 46 divide 166524462?
True
Does 17 divide 1958304460?
True
Does 143 divide 4751870741?
False
Is 1368146528 a multiple of 412?
True
Does 4371 divide 1738508427?
True
Is 787 a factor of 309907221?
True
Does 918 divide 25357165?
False
Does 1763 divide 170212361?
True
Does 316 divide 309306488?
True
Does 413 divide 73918174?
False
Is 261902652 a multiple of 649?
True
Is 591 a factor of 39874179?
True
Is 49194080 a multiple of 1340?
True
Does 268 divide 29418139?
False
Is 3211135131 a multiple of 11031?
True
Is 116 a factor of 30111897?
False
Does 3819 divide 52896969?
True
Is 81558389 a multiple of 82?
False
Does 34 divide 48337971?
False
Does 324 divide 642510413?
False
Is 38311039 a multiple of 94?
False
Is 73991642 a multiple of 44?
False
Is 29542764 a multiple of 138?
True
Does 9 divide 57200841?
True
Is 9711504 a multiple of 12?
True
Does 6812 divide 1018169204?
True
Is 283 a factor of 692182511?
False
Does 409 divide 199493086?
False
Does 5100 divide 463347411?
False
Is 6 a factor of 8466901?
False
Is 172 a factor of 1598863840?
True
Is 1134 a factor of 1391009099?
False
Is 2907 a factor of 59945594?
False
Does 510 divide 64516607?
False
Does 1733 divide 230489?
True
Is 5 a factor of 105474476?
False
Does 38 divide 7983604?
False
Is 2021 a factor of 220489079?
True
Is 70282892 a multiple of 130?
False
Is 374 a factor of 3101956?
True
Is 277745502 a multiple of 5?
False
Is 12047850 a multiple of 123?
True
Is 85 a factor of 5748210?
True
Is 130 a factor of 1397500?
True
Is 5538 a factor of 235625286?
True
Does 124 divide 18142825?
False
Is 996 a factor of 555416412?
True
Does 73 divide 7656094?
True
Does 3 divide 5271583?
False
Does 62 divide 60923743?
False
Is 1610413135 a multiple of 37?
False
Does 384 divide 21479696?
False
Is 410034942 a multiple of 3222?
True
Does 3 divide 178155363?
True
Is 42 a factor of 89645892?
True
Does 47 divide 60156742?
False
Does 5527 divide 411624878?
False
Is 36984457 a multiple of 655?
False